when 125 is divided by 57.
11
Calculate the remainder when 1934 is divided by 644.
2
What is the remainder when 523 is divided by 132?
127
Calculate the remainder when 160 is divided by 74.
12
Calculate the remainder when 357 is divided by 352.
5
Calculate the remainder when 16 is divided by 6.
4
What is the remainder when 57 is divided by 48?
9
What is the remainder when 607 is divided by 36?
31
Calculate the remainder when 442 is divided by 135.
37
Calculate the remainder when 330 is divided by 56.
50
Calculate the remainder when 291 is divided by 100.
91
Calculate the remainder when 87228 is divided by 110.
108
What is the remainder when 8151 is divided by 41?
33
Calculate the remainder when 62 is divided by 11.
7
Calculate the remainder when 211 is divided by 151.
60
What is the remainder when 909 is divided by 24?
21
Calculate the remainder when 2258 is divided by 133.
130
What is the remainder when 10169 is divided by 113?
112
Calculate the remainder when 130 is divided by 15.
10
What is the remainder when 263 is divided by 15?
8
What is the remainder when 434 is divided by 136?
26
What is the remainder when 1581 is divided by 50?
31
What is the remainder when 208 is divided by 40?
8
Calculate the remainder when 267 is divided by 83.
18
What is the remainder when 224 is divided by 46?
40
Calculate the remainder when 3567 is divided by 43.
41
What is the remainder when 216 is divided by 37?
31
What is the remainder when 929 is divided by 8?
1
Calculate the remainder when 1867 is divided by 619.
10
What is the remainder when 1290 is divided by 68?
66
What is the remainder when 256 is divided by 53?
44
Calculate the remainder when 177 is divided by 90.
87
What is the remainder when 69 is divided by 39?
30
What is the remainder when 1436 is divided by 714?
8
What is the remainder when 61 is divided by 24?
13
Calculate the remainder when 560 is divided by 558.
2
What is the remainder when 74 is divided by 21?
11
Calculate the remainder when 154 is divided by 88.
66
Calculate the remainder when 696 is divided by 187.
135
What is the remainder when 134 is divided by 17?
15
What is the remainder when 343 is divided by 68?
3
Calculate the remainder when 298 is divided by 59.
3
Calculate the remainder when 1306 is divided by 190.
166
Calculate the remainder when 139 is divided by 67.
5
Calculate the remainder when 41 is divided by 16.
9
What is the remainder when 759 is divided by 8?
7
Calculate the remainder when 6260 is divided by 261.
257
What is the remainder when 119 is divided by 118?
1
Calculate the remainder when 923 is divided by 25.
23
Calculate the remainder when 1459 is divided by 146.
145
What is the remainder when 86 is divided by 29?
28
What is the remainder when 1642 is divided by 137?
135
Calculate the remainder when 417 is divided by 58.
11
What is the remainder when 292 is divided by 135?
22
Calculate the remainder when 1807 is divided by 226.
225
Calculate the remainder when 1222 is divided by 102.
100
Calculate the remainder when 407 is divided by 146.
115
What is the remainder when 1333 is divided by 468?
397
What is the remainder when 195 is divided by 183?
12
Calculate the remainder when 905 is divided by 129.
2
Calculate the remainder when 270 is divided by 39.
36
What is the remainder when 868 is divided by 153?
103
Calculate the remainder when 126 is divided by 28.
14
Calculate the remainder when 372 is divided by 77.
64
What is the remainder when 32447 is divided by 295?
292
What is the remainder when 336 is divided by 23?
14
Calculate the remainder when 250 is divided by 242.
8
Calculate the remainder when 88 is divided by 18.
16
What is the remainder when 5154 is divided by 736?
2
What is the remainder when 159 is divided by 59?
41
What is the remainder when 8277 is divided by 40?
37
Calculate the remainder when 677 is divided by 136.
133
Calculate the remainder when 110 is divided by 7.
5
What is the remainder when 1179 is divided by 383?
30
What is the remainder when 523 is divided by 29?
1
Calculate the remainder when 87 is divided by 32.
23
What is the remainder when 733 is divided by 7?
5
Calculate the remainder when 1908 is divided by 57.
27
What is the remainder when 531 is divided by 32?
19
Calculate the remainder when 125 is divided by 8.
5
What is the remainder when 162 is divided by 65?
32
What is the remainder when 1239 is divided by 412?
3
Calculate the remainder when 554 is divided by 43.
38
Calculate the remainder when 250 is divided by 21.
19
What is the remainder when 3520 is divided by 13?
10
What is the remainder when 179 is divided by 89?
1
Calculate the remainder when 197 is divided by 35.
22
Calculate the remainder when 217 is divided by 55.
52
Calculate the remainder when 27 is divided by 13.
1
What is the remainder when 488 is divided by 17?
12
What is the remainder when 1427 is divided by 710?
7
What is the remainder when 82 is divided by 18?
10
Calculate the remainder when 1266 is divided by 47.
44
Calculate the remainder when 175 is divided by 17.
5
Calculate the remainder when 13 is divided by 1.
0
Calculate the remainder when 9263 is divided by 309.
302
What is the remainder when 1242 is divided by 617?
8
What is the remainder when 91859 is divided by 12?
11
Calculate the remainder when 377 is divided by 9.
8
What is the remainder when 27657 is divided by 12?
9
Calculate the remainder when 317 is divided by 129.
59
Calculate the remainder when 185 is divided by 61.
2
What is the remainder when 78 is divided by 44?
34
What is the remainder when 174 is divided by 34?
4
Calculate the remainder when 1541 is divided by 434.
239
Calculate the remainder when 3472 is divided by 47.
41
What is the remainder when 139 is divided by 24?
19
What is the remainder when 2021 is divided by 92?
89
Calculate the remainder when 71 is divided by 68.
3
What is the remainder when 1209 is divided by 206?
179
Calculate the remainder when 348 is divided by 346.
2
What is the remainder when 59 is divided by 25?
9
What is the remainder when 225 is divided by 19?
16
What is the remainder when 547 is divided by 135?
7
Calculate the remainder when 266 is divided by 5.
1
What is the remainder when 1086 is divided by 39?
33
What is the remainder when 1471 is divided by 275?
96
Calculate the remainder when 1300 is divided by 7.
5
What is the remainder when 429 is divided by 62?
57
What is the remainder when 678 is divided by 181?
135
Calculate the remainder when 404 is divided by 56.
12
What is the remainder when 822 is divided by 25?
22
Calculate the remainder when 160 is divided by 41.
37
What is the remainder when 173 is divided by 70?
33
What is the remainder when 60 is divided by 7?
4
What is the remainder when 16 is divided by 2?
0
Calculate the remainder when 5 is divided by 5.
0
Calculate the remainder when 209 is divided by 30.
29
Calculate the remainder when 3562 is divided by 1183.
13
Calculate the remainder when 163 is divided by 108.
55
What is the remainder when 911 is divided by 76?
75
What is the remainder when 9 is divided by 3?
0
What is the remainder when 119 is divided by 24?
23
Calculate the remainder when 98 is divided by 61.
37
What is the remainder when 542 is divided by 193?
156
Calculate the remainder when 130 is divided by 59.
12
What is the remainder when 3004 is divided by 58?
46
Calculate the remainder when 2308 is divided by 154.
152
Calculate the remainder when 1973 is divided by 73.
2
Calculate the remainder when 336 is divided by 9.
3
Calculate the remainder when 50 is divided by 22.
6
Calculate the remainder when 1126 is divided by 1123.
3
Calculate the remainder when 3479 is divided by 59.
57
What is the remainder when 171 is divided by 73?
25
Calculate the remainder when 138 is divided by 36.
30
What is the remainder when 540 is divided by 91?
85
What is the remainder when 374 is divided by 97?
83
Calculate the remainder when 468 is divided by 56.
20
What is the remainder when 256 is divided by 119?
18
Calculate the remainder when 615 is divided by 14.
13
What is the remainder when 2085 is divided by 18?
15
Calculate the remainder when 2176 is divided by 95.
86
Calculate the remainder when 471 is divided by 8.
7
Calculate the remainder when 534 is divided by 266.
2
What is the rema